{"id":11,"date":"2023-09-27T14:24:09","date_gmt":"2023-09-27T12:24:09","guid":{"rendered":"http:\/\/tebin.fr\/?page_id=11"},"modified":"2023-09-27T14:24:09","modified_gmt":"2023-09-27T12:24:09","slug":"vous-trouverez-ci-dessous-une-liste-non-exhaustive-des-services-que-nous-vous-proposons-toujours-a-lecoute-de-vos-besoins-nhesitez-pas-a-nous-contacter-pour-toutes-demandes-specifiques","status":"publish","type":"page","link":"https:\/\/tebin.fr\/index.php\/vous-trouverez-ci-dessous-une-liste-non-exhaustive-des-services-que-nous-vous-proposons-toujours-a-lecoute-de-vos-besoins-nhesitez-pas-a-nous-contacter-pour-toutes-demandes-specifiques\/","title":{"rendered":"Vous trouverez ci-dessous une liste non exhaustive des services que nous vous proposons. Toujours \u00e0 l&#8217;\u00e9coute de vos besoins, n&#8217;h\u00e9sitez pas \u00e0 nous contacter pour toutes demandes sp\u00e9cifiques."},"content":{"rendered":"\n<ul class=\"wp-block-list\">\n<li>\u00e9tablissement de business plan<\/li>\n\n\n\n<li>contr\u00f4le de gestion (rentabilit\u00e9, statistiques financi\u00e8res, \u00e9tudes de bilan et r\u00e9sultat)<\/li>\n\n\n\n<li>audit en organisation et management<\/li>\n\n\n\n<li>\u00e9tude avant rachat de soci\u00e9t\u00e9 existante<\/li>\n\n\n\n<li><\/li>\n<\/ul>\n","protected":false},"excerpt":{"rendered":"","protected":false},"author":1,"featured_media":0,"parent":0,"menu_order":0,"comment_status":"closed","ping_status":"closed","template":"","meta":{"site-sidebar-layout":"default","site-content-layout":"","ast-site-content-layout":"","site-content-style":"default","site-sidebar-style":"default","ast-global-header-display":"","ast-banner-title-visibility":"","ast-main-header-display":"","ast-hfb-above-header-display":"","ast-hfb-below-header-display":"","ast-hfb-mobile-header-display":"","site-post-title":"","ast-breadcrumbs-content":"","ast-featured-img":"","footer-sml-layout":"","theme-transparent-header-meta":"","adv-header-id-meta":"","stick-header-meta":"","header-above-stick-meta":"","header-main-stick-meta":"","header-below-stick-meta":"","astra-migrate-meta-layouts":"","footnotes":""},"class_list":["post-11","page","type-page","status-publish","hentry"],"_links":{"self":[{"href":"https:\/\/tebin.fr\/index.php\/wp-json\/wp\/v2\/pages\/11","targetHints":{"allow":["GET"]}}],"collection":[{"href":"https:\/\/tebin.fr\/index.php\/wp-json\/wp\/v2\/pages"}],"about":[{"href":"https:\/\/tebin.fr\/index.php\/wp-json\/wp\/v2\/types\/page"}],"author":[{"embeddable":true,"href":"https:\/\/tebin.fr\/index.php\/wp-json\/wp\/v2\/users\/1"}],"replies":[{"embeddable":true,"href":"https:\/\/tebin.fr\/index.php\/wp-json\/wp\/v2\/comments?post=11"}],"version-history":[{"count":2,"href":"https:\/\/tebin.fr\/index.php\/wp-json\/wp\/v2\/pages\/11\/revisions"}],"predecessor-version":[{"id":25,"href":"https:\/\/tebin.fr\/index.php\/wp-json\/wp\/v2\/pages\/11\/revisions\/25"}],"wp:attachment":[{"href":"https:\/\/tebin.fr\/index.php\/wp-json\/wp\/v2\/media?parent=11"}],"curies":[{"name":"wp","href":"https:\/\/api.w.org\/{rel}","templated":true}]}}